
-16
Let j(z) be the first derivative of -z**4/4 + 4*z**3/3 + z**2/2 + 221. Determine j(3).
12
Let u(c) = 2*c + 26. Let d(i) = i + 14. Let t(f) = -7*d(f) + 4*u(f). Give t(-4).
2
Let t(u) = -10*u - 1. Let h(w) = 45*w + 13. Let q(m) = h(m) + 4*t(m). What is q(-3)?
-6
Let m(b) = -25*b**3 - 2*b**2 - 3*b + 1. Let d(g) = g. Let i(f) = 3*d(f) + m(f). Let z(p) = -14*p - 127. Let r be z(-9). What is i(r)?
24
Let b(n) be the first derivative of 4*n**3/3 + 3*n**2/2 - 4*n - 5. Let r be b(5). Let k be r/(-21) - 4/(-14). Let z(i) = -i - 6. What is z(k)?
-1
Suppose -2*p + 0 = -4. Let z(h) = p*h**3 - 3 + 7*h + 0*h**3 - 3*h**3 - 5*h**2. Give z(-6).
-9
Suppose f - 29 + 22 = 0. Let c(m) = -m + 10. What is c(f)?
3
Suppose -l - 3*k - 6 = 0, -6*l + 2*k = -l - 21. Let i(n) = -l*n**3 + 2 - 1 - 3*n**3 - 4*n**2 + 2*n**2. Let r(s) = -10*s - 1. Let w be r(0). Give i(w).
5
Let v(x) = x. Let z = 10 - 6. Let c be -20 - 9 - z/(-2). Let o = c + 29. What is v(o)?
2
Suppose -3*y = y + 5*t - 102, -120 = -4*y + 4*t. Suppose 0 = -3*x - 3*u + y - 10, 0 = 4*x + 2*u - 28. Let k(h) = -2*h - 2*h - h**2 - 4*h - x. Determine k(-6).
4
Suppose 0 = -5*g - 17 + 37. Suppose 3*v - 4*i - 12 = -3*i, -18 = -2*v + g*i. Let t(b) = 2 - 2*b**v + 6*b**3 + 4*b**2 - 3*b**3 + b. Give t(-4).
-2
Suppose -3*x + 2 = -4. Suppose 3*s = -x + 14. Let o(u) = -3*u + 1. What is o(s)?
-11
Let w(g) = -g**3 - 11*g**2 + 7*g + 80. Let q be w(-11). Let m(l) = -2*l**3 + 2*l**2 - 4. Give m(q).
-40
Let f(t) = 2*t - 6. Let i be f(-5). Let c = i + 22. Let u(d) be the first derivative of -d**4/4 + 7*d**3/3 - 2*d**2 - 8*d + 15. What is u(c)?
4
Let d be ((-1)/(-1)*0)/5. Suppose 5*j = -2*t + 43, d = -2*j + t + 26 - 7. Suppose -9*o + j = -12*o. Let k(z) = -z**3 - 5*z**2 - 2*z + 4. Calculate k(o).
-8
Let t = -23 + 27. Suppose 4*v + t = 4*l, -v - 4*l + l + 7 = 0. Let h(y) = -5*y**3 + 2*y**2 - 2*y + 1. Determine h(v).
-4
Let l(d) = -d**3 - 5*d**2 - 3*d + 1. Let u(y) = -y**2 + 10*y + 141. Let q be u(18). Determine l(q).
-8
Suppose -19 = 3*p + 2*t, -2*p - p - 21 = 3*t. Let l(z) = -z**3 - 5*z**2 - 5*z + 6. Determine l(p).
31
Let f(d) = -2*d - 6. Suppose 2*w + 43 = 3*a - 3*w, 13 = -2*a - 5*w. Let b(v) = -v - 2*v**2 + 0*v**2 + 3*v**2 - a*v. Let n be b(6). What is f(n)?
6
Let j(b) = 4*b**2 - b - 1. Let l = -12 + 11. Determine j(l).
4
Let u(y) = -y**3 + 4*y**2 + 6*y - 6. Suppose -5*f - 34 = -2*l, -4*f = l + 2*l - 5. Let d(z) = 3*z - 5. Let w be d(l). Let k = 21 - w. Give u(k).
-1
Let k(j) be the first derivative of -1/4*j**4 - 1/2*j**2 + 4/3*j**3 + 4*j - 17. What is k(3)?
10
Let v(o) = 5*o - 59. Let m be v(21). Let w(b) = b**2 - m + 22 + 21 - b + 0*b. Calculate w(5).
17
Let y(x) be the first derivative of 7*x**4/4 - 2*x**3/3 + x**2/2 - 7. Let q be (4 - 15/5)/(1 + 0). What is y(q)?
6
Let f(q) = 7*q + 5 + 24*q - 30*q. Give f(-3).
2
Let k(q) = q - 3. Suppose -32*l + 64 = -16*l. What is k(l)?
1
Suppose l + 7 = 4*v, -v = 2*v - 9. Suppose a - 2*u = 6*a - 35, -5*u + 50 = l*a. Let k(o) = 0 - 3 + 3 - a*o. What is k(-1)?
5
Let j(s) = -11*s**2 - 2*s - 1. Let o be (-1 + 1)/(1/1). Let x be (-1)/4 + 144/64. Suppose -k - x + 1 = o. Give j(k).
-10
Let s = 2096 + -2095. Let f(g) = 3*g**3 - 6*g**3 + 2*g**3 - g**2. Let k(p) = -p**3 - p**2. Let a(n) = -5*f(n) + 4*k(n). Give a(s).
2
Let t(z) be the third derivative of -z**4/24 - 7*z**3/2 + 2*z**2 + 124*z. What is t(-7)?
-14
Let w(k) be the first derivative of k**7/840 - k**6/45 + k**5/20 + k**4/8 - 50*k**3/3 + 39. Let f(t) be the third derivative of w(t). Give f(7).
-4
Let l(s) = 5*s**2 + 2*s + 1. Let n be l(-1). Let i be n/2*(0 + 1). Let m(w) = -3 + 1 - 1 + 2*w**2 - 3*w**i. Give m(-3).
-12
Let k = -436 - -430. Let n(x) = -x. Let s(p) = -10*p - 6. Let c(y) = -2*y - 1. Let f be c(-1). Let b(o) = f*s(o) + k*n(o). Give b(-4).
10
Suppose -p + 2*m + 8 = 0, 1 + 1 = 4*p + 2*m. Let k(q) be the first derivative of 8 - 1/2*q**p - 9*q. Determine k(-7).
-2
Suppose 7 = -o + 3. Let r(i) = i - 1. Let z(v) = -v**3 - 7*v**2 - 4*v + 14. Let j be z(-6). Let p(f) = -f**2 - 10*f. Let l(x) = j*r(x) + p(x). Give l(o).
14
Suppose 0 = 3*d + d - 20. Let a be (-3 + 2)*-1*d. Suppose f - 10 = -a*h, -h - 2 = f - 8. Let v(s) = -4*s + 6. What is v(f)?
-14
Let z(t) = -3*t**2 + 1. Let x(w) = -4*w - 6. Let r be x(-3). Suppose 0 = -4*u + 2*b, r*u - 28 = 2*u - 5*b. Suppose -2*j + u - 4 = 0. What is z(j)?
-2
Let t(o) = o + 2. Let x be 35/(-5) - 6/2. What is t(x)?
-8
Suppose -14*a + 25 = -59. Let r(q) = 2*q - a*q + q. Calculate r(1).
-3
Let c(o) = -9*o - 39*o**3 - 3 - 12*o**2 - 47*o**3 + 87*o**3 + 21*o. What is c(11)?
8
Suppose z - 86 = -84. Let s(x) be the second derivative of 0 - 1/2*x**z + 1/2*x**3 + 2*x. Calculate s(1).
2
Let y(g) be the third derivative of -g**7/2520 + g**6/144 - g**5/40 + 2*g**4/3 - g**2. Let q(r) be the second derivative of y(r). Give q(5).
-3
Let d(v) = 0*v - 9 + 10 - v. Let g = 16 - 10. Let o be 30/20*8/g. Give d(o).
-1
Let u(q) = -6*q. Suppose 0 = -5*n - 3*s - 27, 3*n - s + 1 = s. Let p be (-10)/(-14) - 22/(-77). Let w = p + n. Calculate u(w).
12
Let a = -1054 - -1062. Let j(s) = s**3 - 9*s**2 + 7*s + 6. Calculate j(a).
-2
Let m(w) = 2*w**2 + 1936*w - 2*w**2 - 3 + 1939*w - 3871*w + 2*w**2. Calculate m(3).
27
Let r(z) = -z**2 + 6*z - 8. Suppose -2*l = 6*m - 7*m + 12, -m = -4*l - 18. Calculate r(m).
-8
Suppose -16*m + 33 + 31 = 0. Let a(t) be the first derivative of -1/4*t**m + 5/2*t**2 - t**3 + 3*t + 1. What is a(-4)?
-1
Let o(s) = 16*s**3 - 2*s**2 + s. Let y be 8 + 42/(-15 - -9). What is o(y)?
15
Let a(j) = -j**3 - 4*j**2 + 7*j - 2. Suppose -77*s + z = -82*s - 30, -5*z + 18 = -3*s. Calculate a(s).
28
Let h be ((-9)/(-4))/(1 - (-13)/(-16)). Suppose -b + t - 4*t = -2, 34 = -4*b + 2*t. Let i = h + b. Let v(n) = 2*n - 7. What is v(i)?
3
Let n(k) = -5*k**2 + 3*k + 9. Let i(c) = 28*c**2 - 14*c - 46. Let w(t) = 2*i(t) + 11*n(t). Calculate w(-5).
7
Let n(k) be the third derivative of k**6/120 - k**5/20 - k**4/6 + k**3/2 - k**2. Let t be 45/12 + 2*(-2)/(-16). Suppose 2*l - 18 = -t*l. Calculate n(l).
-9
Let j(z) be the first derivative of 5/2*z**2 - 2/3*z**3 + 3*z - 1/4*z**4 + 1. Let d(f) = f**2 + f - 3. Let v be d(0). What is j(v)?
-3
Let r(n) = -5*n - 2*n - 4 + 6*n. Determine r(8).
-12
Let o(v) = -10*v - 1. Let f be (4/6)/(4/(-252)*3). Let z(u) = 7 + 7*u + u**2 - 3 + 8*u + 11. Let r be z(f). Determine o(r).
-11
Let l(g) = -g**3 + g + 4. Let p be (-1)/(-6) - 68/(-24). Suppose -v = -5*z, -2*v = -p*z - 3*v. What is l(z)?
4
Let i(j) = j**3 - j**2 - 2*j - 1. Suppose -z - 2 = -u, 1 = -u + 4*z + 3. Suppose 69 = u*f - 9. Let d be 1/(-3) + 91/f. Determine i(d).
-1
Let f(t) be the first derivative of 2*t**2 + 4*t + 14 + 1/3*t**3. Determine f(-3).
1
Let b be 9/(-12) + 39/(-12). Let v(n) = n - 2. Let t be v(b). Let a(s) be the second derivative of s**3/6 + 4*s. Give a(t).
-6
Suppose -8 = 3*k - 5*b - 3, 5*k - 2*b + 21 = 0. Let q(v) be the third derivative of 0*v + 1/8*v**4 + 0 - 18*v**2 + 5/6*v**3. Determine q(k).
-10
Let z = -2 - -3. Let q(n) = 0*n + z + n + 2 + 2*n. Suppose -5*m + 8*m = -6, -4 = -3*f + 5*m. Calculate q(f).
-3
Let m(g) be the third derivative of g**4/8 + 2*g**3 + 2*g**2 + 37*g. Calculate m(-9).
-15
Let f(w) = 3*w - 17. Suppose 5*a - 20 = -4*m, -3*a - 3*m + 10 = 1. Give f(a).
7
Let x(l) = -17 + 39 - 11 - 2 + 5*l. What is x(-5)?
-16
Let k be 1/(-3 + 2) - 2. Let o(z) be the first derivative of -3*z**2/2 - z + 80. What is o(k)?
8
Let m = 106 + -97. Let x(v) = -m*v - v**2 - 5*v + 10*v + 0*v**2. Let f(s) = -s**2 + 5*s - 2. Let a be f(5). Give x(a).
4
Let n(f) = 42*f**2 - 4*f - 45*f**2 + 3 + 12 - 5. Let v(i) = i**2 - i. Let k(z) = n(z) + 2*v(z). Determine k(-7).
3
Suppose -5*q - 14 + 4 = 0, h - 6 = -q. Let g(v) be the first derivative of h - 2*v**2 + 5*v + 1/3*v**3. Give g(4).
5
Suppose 5*u + 12 = 2*x, 4*x - 3*u + 5 - 1 = 0. Let y(n) be the third derivative of 0 + 0*n**3 + 0*n - 3*n**2 + 1/24*n**4. Determine y(x).
-4
Let v = 19573 + -19579. Let o(h) = -h**3 - 2*h**2 + 6*h + 10. Let u(z) = -z**3 - 3*z**2 + 6*z + 9. Let y(g) = -2*o(g) + 3*u(g). Give y(v).
7
Let w(v) = 14*v + 14. Let g(r) = -5*r - 5. Let i(c) = -11*g(c) - 4*w(c). Let n(f) = 8*f - 13. Let y be n(1). Let p be i(y). Let k(l) = 4*l - 5. What is k(p)?
11
Suppose 11*y = -0*y - 121. Let a = y - -17. Let d(n) = n**3 - 4*n**2 - 10*n + 7. What is d(a)?
19
Let s(x) = -227*x 